-16))?
8
Let j = -66 + 289. What is the tens digit of j?
2
Let i be (48/(-28))/((-4)/14). What is the units digit of (-1 + 948/i)/1?
7
Let s be 4*(-3 - (-3 - (-1)/2)). What is the tens digit of s*6/3 + 18?
1
Let g = 25 + -23. Let n be g/6*11*30. Suppose 0*i + 2*i = n. What is the tens digit of i?
5
Suppose 4*b - j - 1845 = 0, -4*j + 457 = -0*b + b. What is the hundreds digit of b?
4
Let s(g) = 5*g**3 + 11*g**2 + 7*g - 10. What is the units digit of s(5)?
5
Let o(a) = -9*a**3 + 10*a**2 + 36*a - 30. What is the hundreds digit of o(-7)?
2
Let w(v) = -2*v**2 + 3. What is the units digit of w(0)?
3
Let c(u) = 2*u. Suppose 0 = -7*s - 2 + 16. Suppose 0*l + 4*l = -s*o + 40, 0 = -2*o + 4. What is the units digit of c(l)?
8
Suppose 0 = a + 64 - 69. Suppose -a*j + 135 = -90. What is the tens digit of j?
4
Suppose -4*p + 645 = 5*w + 35, 5*p = 0. What is the hundreds digit of w?
1
Let r(u) be the first derivative of -19*u**2 - 14*u - 30. What is the hundreds digit of r(-4)?
1
Suppose -23*b - 32185 = -103002. What is the hundreds digit of b?
0
What is the tens digit of (-2 - 0)/(1/(-90))?
8
Suppose 104*k + 1477 = 105*k. What is the units digit of k?
7
Let k(w) = 435*w + 47. What is the units digit of k(13)?
2
Suppose 27*x - 2*q + 2811 = 28*x, -5*q = 5*x - 14040. What is the hundreds digit of x?
8
Suppose -25*p = -10*p - 34875. Suppose -5*b + p = 875. What is the units digit of b?
0
Let a(c) = 7 + 4*c**3 - 10*c**3 + 2*c**3 + 5*c**3 - 6*c**2 + 4*c. Let k be a(5). Suppose -2*v + 37 = 5*m + k*v, m - 2 = v. What is the units digit of m?
5
Let t(n) = -n**3 - 8*n**2 + 3*n - 2. Let a be t(-8). Let w = a + 45. Let f = w - 13. What is the units digit of f?
6
Suppose 4*q + c = 9, -5*q + 14 = -0*q + 4*c. Suppose 5*a - 4 = -q*f, -2*a + 2*f + 10 = -0*f. Suppose 0 = -a*l + 25 + 9. What is the units digit of l?
7
Let q(d) = -d**3 + 8*d**2 + 2*d + 6. Let n be q(8). Suppose n = -5*h + 62. What is the units digit of h + (-7)/((-14)/4)?
0
Let j(i) = -i**3 + 9*i**2 + 8*i - 7. What is the units digit of j(7)?
7
Let j = 122 - 118. Suppose -425 = -5*w + 5*x, -3*w = 3*x - j*x - 263. What is the tens digit of w?
8
Let b(w) = -w**3 + 3*w + 9*w**2 - 3*w + 2*w + 6. Suppose -27*k + 144 = -11*k. What is the tens digit of b(k)?
2
Suppose -b + 43 = 18. Suppose -3*x + 4 = m - 1, -5*m + b = -4*x. What is the units digit of m?
5
Let y = -411 - -431. Let b = 12 + -7. Suppose b = i - y. What is the units digit of i?
5
Let a be -16*(20/4)/(-20). Suppose a*q + q = 945. What is the tens digit of q?
8
Let a be 2*7 + (18/(-3) - -5). Let g(z) = -z**2 + 15*z + 16. What is the units digit of g(a)?
2
Suppose w - 77 = -3*c, 7*c - 397 = -5*w + 4*c. Let t be (-2)/3 + (-246)/9. Let f = t + w. What is the units digit of f?
2
Suppose -3*c + 6 = -s, 2 = 4*c - s - 7. Let w be 5/3 + 1/3. Suppose w*u - 150 = -c*u. What is the units digit of u?
0
Let j = 1210 + -353. What is the tens digit of j?
5
Let m(x) = 5*x + 1. Let y be m(2). Suppose -6*u - 7 = y. What is the units digit of 8/6 + (-17)/u?
7
Let x(f) = 148*f**3 + f - 3. Let r(l) = -295*l**3 - l + 6. Let m(d) = 3*r(d) + 7*x(d). What is the units digit of m(1)?
2
What is the tens digit of 20015/30 - 3/18?
6
Suppose 0 = -5*a + 5*l + 105, a - 17 = -0*a - 3*l. What is the tens digit of (a + -17)*(-1 + 356/6)?
7
Let q(c) = c**3 + 16*c**2 + 45*c - 5. What is the units digit of q(-11)?
5
What is the units digit of (732/(-24))/((-6)/192)?
6
What is the thousands digit of (-91 - -96) + (1004 - (-1 - 1))?
1
Let l(i) = -9*i + 1. Let g(n) = 4*n. Let o(s) = 13*g(s) + 6*l(s). Suppose 14 = j - 3*j. What is the units digit of o(j)?
0
Let q(t) = -10*t. Let p(n) = 10*n + 1. Let v(a) = -5*p(a) - 4*q(a). Suppose 12 = -3*l - 9. What is the units digit of v(l)?
5
What is the units digit of (-1164)/(-18) + 1/3?
5
Let r = -15 - 42. Let j = r - -127. What is the tens digit of j?
7
What is the hundreds digit of (243/(-15))/((-33)/275)?
1
Let d = -7 + 9. Let y(j) = -j - 6 + 0*j + d*j. What is the units digit of y(7)?
1
Let r = -3221 + 6687. What is the thousands digit of r?
3
Let b be (-5)/5 - (-3 - -2). Suppose b*v = 5*v. Suppose v = 2*r - 7 - 5. What is the units digit of r?
6
Let b(t) = 8*t**2 + 5*t - 3. Let w be b(-4). Suppose -w = 4*r - 7*r. What is the units digit of r?
5
What is the units digit of 165*5*(-4)/(-6)?
0
Let s be -2*9*23/(-3). Suppose -c + 4*c - 621 = -5*j, 4*c = j - s. Suppose -5*u = -14 - j. What is the tens digit of u?
2
Suppose p + 3 = 2*p. Let o(k) = 7*k**3 - 2*k**2 + k + 2. What is the units digit of o(p)?
6
Suppose 3*z + z + 138 = -3*g, g + 5*z = -57. Let a = 43 + g. What is the units digit of a?
1
Let d be 2 - (2/1 + -3). Let r = 18 - 10. Suppose -5*b = n - r, -d*b = b. What is the units digit of n?
8
Let d = 304 + -282. What is the units digit of d?
2
Let c(j) = j**3 + 3*j**2 - 3. Let b be c(-2). What is the units digit of b/2 - 385/(-14)?
8
What is the units digit of (5/(15/(-8451)))/((-48)/64)?
6
Suppose 2*v + 0*v = 20. What is the units digit of 8/v - 516/(-30)?
8
Suppose -6*u + 5506 = -2324. Suppose -7*l = -u - 151. What is the tens digit of l?
0
Suppose 3*q = -q + 8, 4*q + 98 = p. Let x = p - 8. Suppose -6 = 2*m - x. What is the units digit of m?
6
Let p(c) = -9*c + 0 + 2 + 2 + 0. What is the units digit of p(-4)?
0
Let b = 3230 + -1913. What is the tens digit of b?
1
Suppose -4*b = -20, 3*m = -2*b - 0*b + 2398. What is the tens digit of m?
9
Suppose 5*c + 13 + 2 = 0. Let l = 88 + c. What is the units digit of l?
5
Let d(g) = 9*g + 380. What is the units digit of d(33)?
7
Let l be (3/(-2))/(18/(-24)). Suppose -h = h + 8. What is the units digit of h*1/l - -69?
7
Let n = 7037 + -2773. What is the units digit of n?
4
Suppose -45 = 4*l + 35. Let k = 23 + l. Suppose -2*n + n = -k*y - 26, -15 = -5*y. What is the units digit of n?
5
What is the hundreds digit of 4/((-12)/(-9)) - (-2650)/10?
2
Let o(x) = x**2 - 8*x - 22. Let r(a) = -1. Let s(c) = o(c) - 6*r(c). What is the units digit of s(12)?
2
Let x(f) = -f**3 + 2*f**2 + 2*f - 1. Let r be x(-2). Let s = -7 + r. Suppose 3*l + s*u - 240 = 0, 2*l - 4*u - 174 = -2*u. What is the tens digit of l?
8
Let d = 5574 + -3477. What is the thousands digit of d?
2
Suppose 0*b = -k - 5*b + 119, -3*b - 127 = -k. What is the tens digit of k?
2
Let w be -8 - 24/(-6) - (-1 - -2). What is the hundreds digit of ((-3)/(-6)*w)/((-2)/196)?
2
Let c = -52 + 55. What is the units digit of c/(117/57 - 2)?
7
Suppose 3*r = g + 3, 0*g + 20 = 4*r + 4*g. Suppose 5*f - 481 = 2*d, -f - 3*d + 99 = -r*d. What is the units digit of f?
7
Let q = 677 - 446. Suppose 21 + q = 4*p. What is the units digit of p?
3
Let m(i) = -2*i**2 - i + 1. Let q be m(2). Let w = 44 - 78. Let g = q - w. What is the tens digit of g?
2
What is the tens digit of (-60)/105 - (-62046)/21?
5
Let g be 3*(-20)/48*-68. Let t = g + -24. What is the units digit of t?
1
Let n(j) = 14*j**2 - 3*j + 257. What is the hundreds digit of n(14)?
9
Let v be 24/15 - 1 - 68/(-20). Suppose -5*c + 2*c = v*y - 341, -5*c + y = -599. What is the tens digit of c?
1
Suppose 190 - 42 = -4*g. What is the units digit of (-5)/(-15)*-3 - g?
6
Suppose -4*y = -5*q - 2, y + 3*y + 3*q = 18. Suppose -4*z + 12 = 0, y*z - 81 = -5*l + z. Suppose -43 + l = -h. What is the tens digit of h?
2
Suppose 3*z = -3, 3*p - 5*z = -6*z - 7. Let r be p*(2 + (-21)/2). Let k = r + -4. What is the tens digit of k?
1
Let x be 2/(-4) - (-114)/12. Let l = -10 + x. What is the units digit of (-7)/14*l*12?
6
Suppose 708 = -7*u + 10*u. Suppose -4*x + u = -3*f, -3*x - 3*f - 298 = -8*x. What is the units digit of x?
2
Suppose -4*a + 20 = -2*x - x, -2*a + x = -10. Suppose 171 = -a*m + 8*m. What is the units digit of m?
7
Suppose 2*n - 464 = -n - 5*y, 4*y = -5*n + 795. What is the tens digit of n?
6
Let w(d) = -d**3 + 10*d**2 - 5*d - 12. Let u be w(9). What is the tens digit of (1264/u)/(2*(-2)/(-12))?
5
Let g = 10 - 10. Suppose -y - y + 278 = g. Let z = y - 78. What is the tens digit of z?
6
Let j(m) = -m**3 + m**2 + 5*m + 5. Let d be j(3). What is the hundreds digit of 4998/35 + ((-11)/(-5) - d)?
1
Let y = 3789 - 2532. What is the units digit of y?
7
Let g = 18 + -15. What is the tens digit of 209/g - 5/(-15)?
7
What is the units digit of 2*-323*14/((-28)/10)?
0
What is the tens digit of ((-8302)/8)/((-166)/664)?
5
Suppose c = 